 l(-3)?
50
Let l(a) = 6*a + 17. Calculate l(-7).
-25
Let r(g) = g**3 - 2*g - 64. Determine r(0).
-64
Let d(x) = -x**2 - 5*x + 27. Calculate d(-8).
3
Let q(s) = -5*s**3 + 2*s**2 - 1. Calculate q(-1).
6
Let a(v) = 4*v**3 + 3*v**2 - 2*v + 3. Calculate a(3).
132
Let g(u) = -11*u - 24. Determine g(-6).
42
Let w(l) = 3*l**2 + 3*l - 2. What is w(1)?
4
Let l(i) = -i**2 + 13*i + 65. Give l(17).
-3
Let f(a) = 2*a - 17. Determine f(5).
-7
Let f(y) = y**3 - 2*y**2 - 2*y + 1. What is f(3)?
4
Let o(w) = w**2 + 2*w - 23. Determine o(6).
25
Let z(q) = q**3 - 3*q**2 - 4*q + 2. Calculate z(3).
-10
Let s(q) = -2*q - 6. Determine s(3).
-12
Let d(l) = 3*l**3 + 2*l**2 - l - 2. Determine d(-2).
-16
Let y(h) = -4*h + 5. What is y(3)?
-7
Let x(d) = 21*d**3 + d**2 + d + 1. Calculate x(-1).
-20
Let o(m) = -26*m - 293. Calculate o(-11).
-7
Let s(l) = l**3 + 17*l**2 + 17*l - 10. Determine s(-16).
-26
Let l(m) = 8*m - 3. Calculate l(3).
21
Let h(j) = j**3 - 9*j**2 + 19*j - 13. Calculate h(7).
22
Let n(i) = -i**2 - 8*i + 24. Determine n(-10).
4
Let v(i) = i + 22. Give v(-7).
15
Let o(d) = -d**2 + 15*d + 2. Determine o(12).
38
Let f(j) = -4*j - 14. What is f(2)?
-22
Let b(l) = 3*l**2 - 6*l + 5. Give b(4).
29
Let h(v) = -v**2 - 21*v - 15. What is h(-14)?
83
Let r(b) = -3*b**3 - 111*b**2 + 2*b + 67. Determine r(-37).
-7
Let z(a) = 63*a**3 - 2*a**2 - a. Give z(-1).
-64
Let m(l) = l**2 + 5*l + 4. Calculate m(-7).
18
Let x(p) = 2*p + 16. What is x(-7)?
2
Let u(k) = -k**2 - 50*k + 677. Determine u(11).
6
Let m(g) = -g**2 - 8*g - 5. Calculate m(-10).
-25
Let u(t) = 3*t + 6. Give u(-3).
-3
Let r(q) = 7*q**2 - 1. Calculate r(-1).
6
Let t(p) = p + 19. Calculate t(3).
22
Let j(c) = -2*c**3 + 3*c**2 + 5*c - 4. What is j(4)?
-64
Let d(u) = -6*u - 43. What is d(-5)?
-13
Let b(y) = y**2 - 20*y - 9. Determine b(18).
-45
Let b(c) = 2*c**3 + 6*c**2 + 2*c - 1. Calculate b(-2).
3
Let l(b) = -21*b - 12. Calculate l(-1).
9
Let s(w) = w**3 - 10*w**2 + 2*w - 11. What is s(10)?
9
Let o(l) = -2*l**2 + 16*l + 17. Determine o(9).
-1
Let d(t) = t**2 - 14*t. Give d(13).
-13
Let l(f) = -2*f + 12. Determine l(6).
0
Let r(k) = -6*k + 3. Determine r(3).
-15
Let n(o) = -o - 2. Give n(4).
-6
Let p(n) = -21*n**3 + n**2. What is p(1)?
-20
Let n(q) = q + 8. What is n(-10)?
-2
Let d(a) = 8*a**3 + 2*a**2 - 3*a + 3. Calculate d(2).
69
Let l(g) = g**3 + 3*g**2 + 5*g. Calculate l(-5).
-75
Let f(m) = 6*m - 38. Determine f(4).
-14
Let l(x) = 7*x + 2. Calculate l(-2).
-12
Let h(k) = -54*k - 268. Give h(-5).
2
Let k(j) = 6*j - 7. Calculate k(1).
-1
Let c(w) = -w**3 - 15*w**2 + 10*w - 23. Give c(-16).
73
Let y(m) = -2*m**2 - 108*m - 105. Determine y(-53).
1
Let h(y) = -y**2 + 9*y + 1. Give h(8).
9
Let t(r) = -r**2 + 8*r + 3. Determine t(9).
-6
Let p(f) = f**3 - 19*f**2 - 22*f + 28. Calculate p(20).
-12
Let n(q) = -2*q**2 + 18*q + 7. Calculate n(9).
7
Let t(a) = -a**3 - 2*a**2 + 6*a - 3. What is t(-4)?
5
Let j(o) = o**3 + 12*o**2 - 12*o + 10. What is j(-13)?
-3
Let d(m) = m**2 + 3*m + 3. Calculate d(-2).
1
Let q(u) = 4*u. Give q(13).
52
Let l(c) = 12*c**2 - 3*c. Give l(3).
99
Let g(l) = -2*l**2 - 5*l + 1. Determine g(-3).
-2
Let u(m) = -60*m**3 - m**2 + 1. What is u(1)?
-60
Let i(f) = f**3 + 47*f**2 - 46*f + 96. Give i(-48).
0
Let d(i) = 64*i + 56. Give d(-3).
-136
Let g(i) = 7*i - 3. Determine g(3).
18
Let r(y) = y. Give r(9).
9
Let r(d) = -d**3 - 3*d**2 + 3*d - 3. Calculate r(-3).
-12
Let g(x) = -x**3 + 8*x**2 - 8. Determine g(7).
41
Let u(x) = -x**3 - 5*x**2 - 2*x + 5. Determine u(-5).
15
Let z(m) = -7*m**3 + m**2 - m - 1. What is z(-1)?
8
Let d(i) = i**3 - 5*i**2 + 3*i - 3. Give d(3).
-12
Let q(i) = -i**3 + 6*i**2 - 5*i + 25. What is q(6)?
-5
Let l(n) = 9*n**2 + 5*n - 12. Calculate l(2).
34
Let f(g) = g**3 + 6*g**2 - 17*g - 40. What is f(-7)?
30
Let f(u) = -u**2 + 5*u - 6. Calculate f(2).
0
Let f(h) = -4*h - 2. Calculate f(-3).
10
Let b(z) = -z**2 - 11*z - 8. Determine b(-9).
10
Let u(n) = 6*n**2 + 2*n - 4. Determine u(2).
24
Let j(d) = -6*d - 102. Determine j(-16).
-6
Let u(g) = -g**2 - 11*g - 11. What is u(-7)?
17
Let p(r) = r**2 + 6*r + 1. What is p(-7)?
8
Let t(z) = z**2 + 38*z + 126. Give t(-34).
-10
Let n(i) = -i**3 - 5*i**2 + 2*i. What is n(-5)?
-10
Let g(t) = t**3 + 5*t**2 + 2*t - 4. Give g(-4).
4
Let q(s) = -2*s - 72. What is q(-32)?
-8
Let i(n) = n**2 - n - 6. Determine i(5).
14
Let t(r) = -r**2 + 1. What is t(-2)?
-3
Let y(t) = 4*t**2 + 27*t + 16. What is y(-7)?
23
Let h(n) = -50*n + 422. Calculate h(8).
22
Let n(a) = 5*a + 10. Give n(-3).
-5
Let u(c) = -c**3 + 3*c**2 + 7*c - 14. What is u(5)?
-29
Let w(h) = -3*h**2 - 52*h - 99. Determine w(-15).
6
Let o(x) = -3*x**3 - 4*x**2 - 4*x - 12. What is o(-2)?
4
Let v(w) = 2*w**3 - 8*w**2 + 9*w + 10. Calculate v(5).
105
Let a(n) = -2*n**2 + 15*n - 7. Determine a(6).
11
Let y(n) = n**3 + 6*n**2 + 5*n - 1. Determine y(-4).
11
Let j(g) = 3*g + 5. Calculate j(5).
20
Let i(o) = -o**3 + 11*o**2 - 5*o - 20. Calculate i(10).
30
Let u(h) = 3*h - 15. Give u(3).
-6
Let m(k) = 13*k - 17. Calculate m(2).
9
Let g(s) = -s - 5. Give g(-6).
1
Let k(o) = -o + 14. Determine k(8).
6
Let y(w) = -w + 1. Calculate y(-2).
3
Let v(n) = -n + 3. Calculate v(10).
-7
Let r(y) = 39*y + 3. Give r(0).
3
Let r(l) = 12*l - 6. Determine r(-3).
-42
Let i(d) = -11*d - 31. What is i(-4)?
13
Let y(q) = 2*q**2 + 8*q + 16. What is y(-2)?
8
Let h(w) = 4*w + 177. Determine h(-46).
-7
Let l(p) = 19*p - 4. What is l(3)?
53
Let h(k) = -3*k**2 - 5*k. Determine h(-2).
-2
Let h(b) = -2*b**3 - 12*b**2 - 3*b - 8. Determine h(-6).
10
Let s(d) = -19*d**3 - 2*d**2 + d. Calculate s(1).
-20
Let p(r) = -r**3 - 6*r**2 + 8*r - 8. Calculate p(-7).
-15
Let c(t) = -t**3 - 16*t**2 + 18*t + 13. What is c(-17)?
-4
Let k(z) = -9*z**2 + 123*z + 30. Determine k(14).
-12
Let k(d) = 13*d + 259. What is k(-19)?
12
Let u(s) = -2*s + 1. Calculate u(6).
-11
Let q(i) = i**3 + 17*i**2 + 27*i + 184. Give q(-16).
8
Let a(x) = -4*x - 56. What is a(-14)?
0
Let y(t) = 2*t - 4. Determine y(-2).
-8
Let r(f) = 24*f + 3. What is r(5)?
123
Let h(x) = 24*x**2 - 4*x - 11. Give h(-2).
93
Let d(w) = w**3 + 10*w**2 + 20*w + 11. What is d(-8)?
-21
Let w(j) = 12*j**2 + 3*j + 1. Calculate w(-1).
10
Let l(c) = c + 28. Give l(-10).
18
Let c(q) = q - 1. Determine c(-1).
-2
Let s(f) = f**3 - 6*f**2 + 10*f - 9. Give s(6).
51
Let q(c) = -c - 19. Determine q(16).
-35
Let n(r) = 3*r**2 + 4*r - 27. Calculate n(3).
12
Let l(j) = -5*j - 8. Determine l(-1).
-3
Let v(z) = -z**2 - 23*z - 91. Determine v(-5).
-1
Let m(u) = 6*u**2 + 36*u - 2. Calculate m(-6).
-2
Let f(v) = 4*v + 6. What is f(-6)?
-18
Let l(i) = -5*i**2 + i + 5. Determine l(3).
-37
Let g(a) = -2*a**3 + 2*a**2 + 3*a - 6. What is g(3)?
-33
Let d(v) = 2*v**2 + 38*v - 32. Give d(-17).
-100
Let h(j) = 2*j**2 + 17. Give h(-4).
49
Let r(l) = -l**3 + 8*l**2 - 8*l + 6. Determine r(7).
-1
Let s(a) = 3*a + 6. Give s(-5).
-9
Let w(j) = j**2 - 8*j - 48. Give w(12).
0
Let x(t) = 4*t**2 + 7*t + 4. Determine x(0).
4
Let q(i) = i + 5. Give q(-7).
-2
Let q(o) = 2*o**2 - 2*o - 4. Give q(-2).
8
Let d(f) = -f**3 + f**2 - f + 18. Give d(0).
18
Let o(s) = -s + 5. Give o(11).
-6
Let u(d) = d**2 - 2*d - 50. Determine u(-6).
-2
Let x(n) = n**2 + 9*n + 6. Give x(-5).
-14
Let d(g) = -2*g**2 - 32*g + 16. Calculate d(-17).
-18
Let n(y) = 2*y**3 - 7*y**2 + 3*y + 4. Determine n(4).
32
Let v(g) = -g**3 - g**2 + 2*g + 6. Calculate v(0).
6
Let g(d) = 4*d**2 + 3*d. Calculate g(3).
45
Let s(m) = m**3 - 10*m**2 - 28*m + 24. Give s(12).
-24
Let z(k) = 2*k**2 - 4*k - 5. Calculate z(5).
25
Let s(k) = -k**3 + 4*k**2 + k - 4. What is s(4)?
0
Let u(c) = -c**3 + 5*c**2 - 13*c + 30. Give u(3).
9
Let q(o) = -2*o + 14. Determine q(13).
-12
Let g(o) = -18*o + 151. What is g(9)?
-11
Let h(w) = w**3 - 15*w**2 + 2*w - 25. Determine h(15).
5
Let b(z) = z**3 + 11*z**2 - 13*z - 6. Calculate b(-12).
6
Let q(y) = -y**2 - 9*y - 17. What is q(-5)?
3
Let x(h) = h**3 - 6*h**2 - 8*h + 2. What is x(7)?
-5
Let r(b) = -b**3 + 22*b**2 + 17. Determine r(22).
17
Let i(b) = -3*b**3 - 7*b**2 + 7*b + 3. What is i(-3)?
0
Let c(n) = 4*n**2 + 22*n - 14. Give c(-7).
28
Let q(f) = f**2 - 21*f - 75. Give q(25).
25
Let n(t) = -t**3 + 11*t**2 - 14*t + 12. Calculate n(10).
-28
Let z(c) = 8*c - 42. Determine z(3).
-18
Let j(y) = 5*y - 3. Give j(-1).
-8
Let f(m) = -m**3 + 7*m**2 - 8*m